lculate the greatest common divisor of x and 300.
12
Let d be 9/(-6)*(-1 + -5). Let m be (-7)/(-3) - 3/d. What is the highest common factor of m and 18?
2
Suppose 82 - 33 = 2*q + x, -2*x - 12 = -q. Let p = -8 + q. Calculate the highest common divisor of 112 and p.
14
Let r = 7 + -1. Let u be (r/(-4))/(15/(-80)). Let y(v) = -v**3 - 6*v**2 - 4*v + 7. Let w be y(-5). What is the highest common divisor of u and w?
2
Suppose 2*j - 3 - 3 = 0. Let g be j/5 - 2/(-5). Calculate the highest common factor of 4 and g.
1
Suppose k - 4*k - 4*c + 31 = 0, -c = -4*k + 35. Let r = 126 + -68. Let d = 130 - r. What is the highest common divisor of k and d?
9
Let y = 0 - -6. What is the highest common divisor of y and 12?
6
Suppose -3*y - 3 = -171. What is the highest common divisor of 140 and y?
28
Suppose 3*u = 20 + 7. Suppose -52 - 4 = 2*t. Let z be ((-90)/(-8))/((-7)/t). Calculate the greatest common factor of u and z.
9
Suppose 2 = 2*d + p - 8, d + 5*p + 13 = 0. Let c(f) = -f + 12. Let l be c(d). Let i = 18 + 22. Calculate the greatest common divisor of l and i.
5
Let a be (-1)/(((-10)/(-36))/(-5)). Let z(k) = -13*k**3 - 2*k**2 - k. Let s be z(-1). What is the highest common factor of s and a?
6
Let z be 302/5 - (-4)/(-10). Suppose 5*v + c - 77 = 0, -v = 5*c - 20 - 5. What is the highest common factor of z and v?
15
Let w = 3 + -1. What is the greatest common divisor of w and 14?
2
Suppose 189 = 5*z + 9. Calculate the greatest common factor of 12 and z.
12
Let u(n) = -3*n - 6. Let t be u(-10). Calculate the greatest common divisor of t and 36.
12
Let m(c) = c**2 + 5*c + 3. Let u be m(-9). What is the highest common divisor of u and 39?
39
Let z = 6 + 18. Calculate the highest common factor of z and 216.
24
Let t be 1755/10 + 1/(-2). Suppose t = 5*u - 5*z, -2*u + 7 = 5*z - 91. Suppose -3*j + u - 3 = 0. Calculate the highest common divisor of 84 and j.
12
Let z(o) = -5*o - 11. Let v(c) = -c**2 - 7*c - 1. Let f be v(-7). Let k be 1 + (f - -2) + -12. Let y be z(k). What is the greatest common divisor of 13 and y?
13
Suppose 5*i + 36 = 6*i. Let h be (2/(-4))/(2/(-180)). Let q be ((-6)/(-10))/(3/h). Calculate the highest common factor of q and i.
9
Suppose 3*s + 4*v = 1, 11 = -2*v + 1. Let a(j) = -j + 9. Let m be a(s). Let y = -16 + 38. Calculate the greatest common divisor of y and m.
2
Let r(i) = -3*i**2 + 3*i - 1. Let v be r(2). Let f be (-1296)/(-28) - (-2)/v. Let n be f/4 - (-1)/(-2). What is the highest common factor of n and 99?
11
Let m(n) = 6*n + 2. Suppose 5*l = 2*v + 13, l - 3 + 1 = v. Let u be m(l). Let d be 24*(36/16 - 1). Calculate the highest common factor of u and d.
10
Suppose 0 = 3*k - 5*k + 280. What is the greatest common factor of 20 and k?
20
Let v(x) be the second derivative of x + 0*x**2 + 0 + 11/6*x**3 - 1/12*x**4. Let s be v(9). What is the greatest common divisor of 162 and s?
18
Suppose 4*c - 6*i = -4*i + 394, -4*c + 397 = i. Calculate the highest common factor of c and 66.
33
Let u be ((-3)/12 - (-166)/(-8))*-6. What is the highest common divisor of u and 18?
18
Let d(x) = -x**2 + 6*x + 5. Suppose -11 = a + 5*j - 2, -5*a + j + 33 = 0. Let u be d(a). Calculate the highest common divisor of 5 and u.
5
Suppose 24 = 2*x - 16. Let n(m) = m**2 - 15*m + 5. Let q be n(15). What is the highest common factor of x and q?
5
Let f be (-56)/(-5)*30/12. Calculate the greatest common factor of f and 4.
4
Suppose -4 = -2*q + 4. Let p = q - -8. Suppose 48 = 3*y - 4*a, -2*a + 10 = 2*y - 8. Calculate the highest common divisor of y and p.
12
Let v(a) = 4*a**3 - 3*a**3 - 3*a**2 + 2 - 6*a + 0 - 5. Let d be v(5). Calculate the highest common divisor of 17 and d.
17
Let f be 0 + 1*32 - 2. Let j be (-1)/2*(-1 + -17) - -3. What is the greatest common factor of f and j?
6
Suppose 4 = 3*i - 11. Let h = -46 + 67. Let w = h - -4. What is the highest common divisor of w and i?
5
Let f = 3 + 21. Let g = 46 - f. Calculate the highest common divisor of 2 and g.
2
Let t = 51 - 42. What is the highest common divisor of 1 and t?
1
Let l be (-3 + 1)/(-2)*-6. Let o = l - -9. Let a be (-2)/(1*-2) - -20. Calculate the greatest common divisor of o and a.
3
Let o(h) = -8*h - 4. Let u be o(-4). Calculate the highest common divisor of u and 70.
14
Let g be (184/44 - 4/22)*44. Calculate the highest common factor of 16 and g.
16
Suppose 0 = m - v - 72, -2*m + 0*v + 132 = v. What is the greatest common divisor of m and 34?
34
Let u(m) = 77*m**2 - m. Let i be u(1). Calculate the greatest common divisor of i and 19.
19
Suppose 3*r - 267 = -5*x, -5*x + r + r + 247 = 0. Let o = 106 - x. Let d(t) = -t**2 - 7*t + 10. Let h be d(-4). What is the highest common divisor of o and h?
11
Suppose 4*s = -0*y - 3*y + 72, 37 = 2*y - s. Suppose -3*p = i - 4, -5*p - 16 = -i - 2*p. Calculate the greatest common factor of i and y.
10
Let k = 100 - 9. Let x = -31 + k. What is the highest common divisor of 12 and x?
12
Let g = 3 + -6. Let h be -1 - -1 - -1 - g. Calculate the highest common divisor of h and 16.
4
Suppose 0 = 2*p - 0*p - 4, h + 19 = 3*p. Let z = h - -18. Suppose z*f - 60 = -0*f. Calculate the greatest common divisor of 12 and f.
12
Let y(h) = 3 - 41*h + 43*h + 0*h**2 + h**2. Let j = 4 - 0. Let f be y(j). Calculate the highest common divisor of 9 and f.
9
Suppose d + 3*c = 7, d + 2*c = -2 + 9. Calculate the highest common divisor of d and 21.
7
Let f(k) = -11*k - 13. Let o be f(-4). What is the greatest common divisor of 93 and o?
31
Let t(m) = m**2 + m + 1. Let f be t(-1). Let l(z) = z - 8. Let j be l(18). Calculate the greatest common divisor of f and j.
1
Let a(x) = 7 + 0*x - 2 - x**2 + x + 2. Let v be a(3). What is the highest common divisor of 7 and v?
1
Let p(u) = u**2 + u + 11. Let g = 1 - -2. Suppose -2*x = -g*x. Let w be p(x). What is the highest common factor of 1 and w?
1
Let w(q) = q**3 - 3*q**2 + 2*q + 2. Let b be w(2). Let l(x) = 12 - 6*x - 5 + 0*x - x**b. Let m be l(-5). Calculate the greatest common divisor of m and 24.
12
Suppose -t = t - 2, 4*t = o - 7. Let f = 51 - o. Suppose 0 = -3*q + 16 + 8. What is the highest common factor of q and f?
8
Suppose 8*g = 4*g - 36. Let r = 14 + g. Suppose 0 = -0*p - r*p + 4*j + 59, 25 = 2*p - 3*j. Calculate the highest common factor of p and 11.
11
Suppose -3*h - 14 = i - 5, 4*i - 3*h = 24. Let a be 10 - ((i - 4) + 1). Calculate the greatest common factor of a and 70.
10
Let v(d) = -d**3 + 10*d**2 - 4*d + 9. Let q be v(7). Let g be (-2)/3 - q/6. Let b = 37 + g. Calculate the highest common divisor of 3 and b.
3
Suppose -4*w = -5*q + 56, -8*q = -3*q + w - 36. Let u be 1 + (20/(-4) - 1). Let s be (-4)/(-3)*u*-3. What is the highest common factor of q and s?
4
Let v = -3 - -18. What is the highest common factor of 45 and v?
15
Let q(x) = -2*x + 9*x - 2 + 0 + 3. Let m be q(2). Calculate the greatest common factor of m and 120.
15
Suppose -4*t + 15 = -1. Suppose 4*p - t = 0, p - 149 = -s + 2*p. What is the highest common factor of 60 and s?
30
Let p(t) = 16*t**2 + 2. Let c be (-3)/(-1 + 2/(-4)). Let k be p(c). What is the highest common divisor of k and 11?
11
Let p be (1 - (-131)/4)*4. What is the greatest common factor of 15 and p?
15
Let i(b) = b**2 - b + 30. Let o = -6 - -6. Let c be i(o). What is the greatest common factor of 10 and c?
10
Suppose 51 = q + 2*q. What is the highest common divisor of 85 and q?
17
Let r(x) = x**2 - 12*x - 9. Let f be r(14). Let b be (-2)/(-2) + 0 - -151. Calculate the highest common divisor of b and f.
19
Let h(l) = l**3 + 14*l**2 + 14*l - 16. Let p be h(-12). Suppose 3*i - p = 490. What is the greatest common divisor of i and 22?
22
Let o = -8 + 11. Suppose 2*m + 6 = o*m. Let h be (9/m)/(1/6). What is the highest common divisor of 3 and h?
3
Suppose 4*d + 1064 = 6*d. Suppose 0 = 7*z - 3*z - d. Calculate the highest common factor of z and 19.
19
Suppose -3*d - 54 = -6*d. What is the highest common divisor of d and 3?
3
Let u = -86 - -218. Let m(w) = w**3 + 5*w**2 + w + 5. Let x be m(-5). Let c be -2 + (14 - 0) - x. What is the highest common divisor of c and u?
12
Let o(a) = 17*a - 24. Let j be o(7). Calculate the greatest common factor of 19 and j.
19
Let p(m) = -m**3 + 11*m**2 + 6*m - 59. Let z be p(11). Suppose 3*s - 20 = -t, s - 6*t + 4*t = 9. What is the greatest common factor of s and z?
7
Let v be 